586634.
2, 7, 1523, 7297
What are the prime factors of 2792312765?
5, 11, 59, 137, 571
What are the prime factors of 45752726?
2, 239, 95717
List the prime factors of 287019577.
13, 293, 75353
List the prime factors of 2378843232.
2, 3, 347, 71411
List the prime factors of 13707291.
3, 13, 351469
List the prime factors of 1508194489.
1508194489
What are the prime factors of 344087439?
3, 89, 223, 5779
What are the prime factors of 37788165?
3, 5, 617, 1361
What are the prime factors of 560669602?
2, 397, 706133
List the prime factors of 2582109417.
3, 37, 971, 23957
What are the prime factors of 230775361?
1657, 139273
What are the prime factors of 751380563?
751380563
List the prime factors of 1178582288.
2, 13, 5666261
List the prime factors of 6021895721.
103, 58465007
What are the prime factors of 1023149775?
3, 5, 1291, 10567
What are the prime factors of 72767094?
2, 3, 43, 131, 2153
List the prime factors of 1142495378.
2, 337, 461, 3677
What are the prime factors of 95835369?
3, 7, 83, 54983
What are the prime factors of 836118449?
836118449
What are the prime factors of 1162272642?
2, 3, 193712107
List the prime factors of 3781659.
3, 7, 31, 37, 157
What are the prime factors of 65204909?
7, 11, 71, 11927
What are the prime factors of 1624735127?
1624735127
List the prime factors of 6450498180.
2, 3, 5, 7, 9029
What are the prime factors of 240703580?
2, 5, 13, 925783
List the prime factors of 102273085.
5, 2371, 8627
List the prime factors of 262968387.
3, 11, 167, 47717
What are the prime factors of 108764407?
108764407
What are the prime factors of 907112513?
131, 6924523
What are the prime factors of 6816875830?
2, 5, 227, 3003029
What are the prime factors of 49000258?
2, 23, 239, 4457
List the prime factors of 68585081.
59, 557, 2087
What are the prime factors of 92171650?
2, 5, 1843433
List the prime factors of 141467986.
2, 11, 23, 79, 3539
What are the prime factors of 177680895?
3, 5, 7, 1692199
What are the prime factors of 1518569784?
2, 3, 653, 32299
List the prime factors of 2638052273.
2638052273
List the prime factors of 13796309.
61, 226169
What are the prime factors of 426266610?
2, 3, 5, 7, 11, 127, 1453
List the prime factors of 32208365.
5, 7, 53, 97, 179
List the prime factors of 193179135.
3, 5, 31, 233, 1783
List the prime factors of 8323575330.
2, 3, 5, 7, 31, 1278583
List the prime factors of 498544957.
498544957
List the prime factors of 3571960913.
683, 1123, 4657
What are the prime factors of 105984683?
7, 53, 285673
What are the prime factors of 2903769025?
5, 4027, 28843
What are the prime factors of 299781156?
2, 3, 24981763
List the prime factors of 969380768.
2, 61, 496609
List the prime factors of 1857959895.
3, 5, 11, 23, 41, 11941
What are the prime factors of 2057974930?
2, 5, 11, 19, 439, 2243
What are the prime factors of 3147891400?
2, 5, 73, 251, 859
List the prime factors of 166646956.
2, 7, 67, 211, 421
What are the prime factors of 183394628?
2, 53, 865069
List the prime factors of 43037606.
2, 21518803
List the prime factors of 941816823.
3, 59, 5320999
List the prime factors of 282881710.
2, 5, 137, 206483
List the prime factors of 7787070652.
2, 179, 227, 47911
List the prime factors of 5538110830.
2, 5, 7, 11302267
What are the prime factors of 291986406?
2, 3, 16221467
List the prime factors of 243760187.
11, 23, 87589
What are the prime factors of 444635952?
2, 3, 17, 544897
List the prime factors of 1011730961.
43, 23528627
List the prime factors of 918257388.
2, 3, 76521449
List the prime factors of 11958925.
5, 11, 43487
List the prime factors of 784611499.
7, 3271, 34267
List the prime factors of 73757188.
2, 18439297
List the prime factors of 1681430661.
3, 373, 500873
What are the prime factors of 149610525?
3, 5, 1994807
List the prime factors of 114706521.
3, 2843, 4483
What are the prime factors of 2169582492?
2, 3, 7, 11, 31, 75743
List the prime factors of 2834271119.
19763, 143413
What are the prime factors of 33143976?
2, 3, 79, 5827
What are the prime factors of 47416468?
2, 11, 17, 63391
What are the prime factors of 99987233?
23, 41, 106031
List the prime factors of 819693363.
3, 229, 1193149
List the prime factors of 1063563095.
5, 7, 17, 19, 94079
What are the prime factors of 889161960?
2, 3, 5, 2089, 3547
List the prime factors of 42368945.
5, 1031, 8219
What are the prime factors of 102163527?
3, 11351503
List the prime factors of 172730414.
2, 23, 127, 29567
List the prime factors of 85350837.
3, 11, 13, 198953
List the prime factors of 790294343.
229, 359, 9613
List the prime factors of 42786840.
2, 3, 5, 149, 2393
List the prime factors of 1355491167.
3, 691, 653879
List the prime factors of 281586576.
2, 3, 37, 158551
List the prime factors of 456553056.
2, 3, 4755761
What are the prime factors of 24551861?
409, 60029
List the prime factors of 64727857.
17, 43, 88547
List the prime factors of 68989716.
2, 3, 41, 43, 1087
List the prime factors of 1371054792.
2, 3, 57127283
List the prime factors of 3476826053.
3476826053
List the prime factors of 14083589.
13, 29, 37357
List the prime factors of 72015386.
2, 4547, 7919
List the prime factors of 130835985.
3, 5, 7, 1246057
List the prime factors of 3913632532.
2, 41, 1559, 15307
List the prime factors of 1326362475.
3, 5, 17684833
List the prime factors of 3456737932.
2, 11777, 73379
List the prime factors of 188913331.
3671, 51461
What are the prime factors of 21762843?
3, 7254281
List the prime factors of 345542976.
2, 3, 199967
What are the prime factors of 571554628?
2, 61, 2342437
What are the prime factors of 256631637?
3, 5273, 16223
List the prime factors of 1611657870.
2, 3, 5, 1697, 31657
List the prime factors of 141266638.
2, 1109, 63691
List the prime factors of 453728976.
2, 3, 47, 201121
List the prime factors of 161680284.
2, 3, 1439, 3121
List the prime factors of 178398668.
2, 7, 181, 35201
List the prime factors of 445156031.
733, 607307
What are the prime factors of 1765618472?
2, 19, 11615911
What are the prime factors of 27945603?
3, 7, 17, 97, 269
List the prime factors of 665944926.
2, 3, 71, 461, 3391
What are the prime factors of 15272576?
2, 11, 10847
What are the prime factors of 276580234?
2, 7, 107, 184633
List the prime factors of 56573268.
2, 3, 4714439
What are the prime factors of 612500491?
251, 2440241
What are the prime factors of 1883484567?
3, 1109, 188707
What are the prime factors of 10385155?
5, 11, 31, 6091
What are the prime factors of 393228619?
7, 2963, 18959
What are the prime factors of 1590387470?
2, 5, 7, 22719821
What are the prime factors of 3272804456?
2, 409100557
What are the prime factors of 4859605760?
2, 5, 3796567
What are the prime factors of 37716271?
199, 189529
List the prime factors of 335176954.
2, 7, 29, 117937
What are the prime factors of 14823656?
2, 1852957
What are the prime factors of 99632985?
3, 5, 157, 42307
List the prime factors of 1954322072.
2, 41, 5958299
What are the prime factors of 118873236?
2, 3, 1861, 5323
What are the prime factors of 121770447?
3, 40590149
What are the prime factors of 555936278?
2, 17, 16351067
What are the prime factors of 401551962?
2, 3, 7, 101, 13523
List the prime factors of 421491405.
3, 5, 28099427
What are the prime factors of 2415095395?
5, 17, 107, 265541
List the prime factors of 4779174434.
2, 43103, 55439
What are the prime factors of 1545770918?
2, 31, 83, 131, 2293
What are the prime factors of 1288906403?
67, 601, 32009
What are the prime factors of 888306297?
3, 19, 15584321
List the prime factors of 619316303.
619316303
What are the prime factors of 1190075795?
5, 1039, 229081
List the prime factors of 16125567.
3, 199, 27011
What are the prime factors of 1946862579?
3, 10973, 59141
List the prime factors of 127922800.
2, 5, 241, 1327
What are the prime factors of 402731104?
2, 23, 67, 8167
What are the prime factors of 850657655?
5, 191, 619, 1439
What are the prime factors of 455027560?
2, 5, 13, 883, 991
List the prime factors of 606765102.
2, 3, 101127517
List the prime factors of 24550951.
193, 127207
What are the prime factors of 894591699?
3, 1061, 281053
List the prime factors of 2574832712.
2, 5437, 59197
List the prime factors of 1195143.
3, 31, 71, 181
What are the prime fa